**2 + 0*j + 1 + j + j**2. Calculate q(x).
-1
Let u(j) = -4*j**2 - 21*j - 7. Let h(d) = d**2 + 5*d + 2. Let i(b) = 9*h(b) + 2*u(b). Let g = -9 - -12. Suppose -g = 2*m + 5. Calculate i(m).
8
Let k(x) = x**3 - 4*x**2 + x + 3. Suppose d = -4*d + 20. Give k(d).
7
Let q(d) = 6*d + 8. Let y(n) = -n. Let o(l) = -q(l) - 2*y(l). Determine o(-6).
16
Let r(x) = -x**2 + 8*x - 7. Let i(k) = -k**2 + 12*k - 14. Let a be i(11). Let w be a/((-18)/15)*2. Give r(w).
8
Suppose 3 = 4*w + 11. Let m be (-1 - (0 + -2))*w. Let y(x) be the second derivative of -x**4/12 - x**3/6 - x**2 + 2*x. Calculate y(m).
-4
Let y(a) = -a + 6*a**2 + 2*a**2 + 1 - 2*a**2 - 5*a**2. Determine y(-3).
13
Let n = 8 - 5. Let m(s) = 1 + n*s - 2*s + 0*s. Determine m(-2).
-1
Let j(d) be the second derivative of -13*d**3/6 - 13*d. Give j(-1).
13
Let u(l) = -l**3 - 7*l**2 - 6*l + 1. Let x(z) = z - 1. Suppose 17 = -2*v + v + 3*q, 5*v + 5 = -5*q. Let r be x(v). Calculate u(r).
1
Let g(a) = -5*a**2 - 6*a - 14. Let u(c) = 2*c**2 + 2*c + 5. Let r(s) = 4*g(s) + 11*u(s). Let x be (-2)/(-1) - (1 - -2). What is r(x)?
3
Let l be -4*1*36/24. Let o(w) = -2*w - 8. Give o(l).
4
Let r = 4 + -4. Let k(q) = -3 - 4 + 2*q - q. Determine k(r).
-7
Suppose 6 = y + 12. Let o(g) = g**2 + 7*g + 8. Give o(y).
2
Let n(x) = 7*x**2. Suppose 3 + 11 = -14*j. Calculate n(j).
7
Suppose -7*d + 3*d = 24. Let j(f) = f**3 + 7*f**2 + 5*f - 7. Calculate j(d).
-1
Let j = -6 - -13. Let y(x) = 1 + 0 + 2*x - j*x**3 + x**3. Let r be -3 - 9/((-18)/4). Calculate y(r).
5
Let w(m) = -2 - 2 - m + 2*m. Let h be w(3). Let r(z) be the second derivative of -z**3/6 - z**2/2 - 3*z. What is r(h)?
0
Let y(p) = p**2 + p - 3. Let a be y(0). Let w(m) = -1. Let h(z) = -z**2 - 4. Let l(n) = a*w(n) + h(n). Let d(k) be the first derivative of l(k). What is d(1)?
-2
Let r(p) = -p**3 + 5*p**2 - 4*p + 11. Let u be r(5). Let m(z) = z**2 + 10*z + 6. What is m(u)?
-3
Let p(d) = 2*d**2 - 31*d + 17. Let u be p(15). Let g(o) be the second derivative of -1/2*o**u - 1/6*o**3 + 0 + 3*o. Calculate g(-2).
1
Let n(k) = -k**3 - 3*k**2 - 2*k - 3. Suppose 2*r - 256 = -90. Let y = 57 - r. Let j be 74/y + (-6)/39. Give n(j).
3
Suppose -2*p = -s + 18, 2*s + 28 = -2*p - 2*s. Let j(d) = -d**3 - 9*d**2 + 9*d - 10. Calculate j(p).
0
Let k(b) = 4*b**2 + 4. Let r(g) = g**2 + g + 1. Let v(y) = -k(y) + 3*r(y). What is v(2)?
1
Let r(h) be the first derivative of h**4/4 - 5*h**3/3 - 5*h**2/2 + 9*h + 10. Give r(6).
15
Let b(y) = -y**3 + 7*y**2 - 4*y + 7. Let d be 10 + (-12 - -14)/(1/(-2)). Determine b(d).
19
Suppose w - 7 = 4*k, k - w = -2*w - 8. Let s(i) = -2*i**2 - 3*i + 1. Determine s(k).
-8
Suppose -24 - 6 = -6*v. Let a(q) = -2*q**2 + 6*q + 1. Calculate a(v).
-19
Let b = 2 + -3. Let t(k) = 7*k**2 + k. Let u be t(1). Let o(l) = -2*l - 4. Let m(s) = -6*s - 11. Let r(d) = u*o(d) - 3*m(d). Determine r(b).
-1
Let b(z) = -z + 3. Let u(y) = 1. Let i(q) = q + 5. Let f(x) = i(x) - 6*u(x). Let t(s) = -2*b(s) - 5*f(s). Calculate t(-3).
8
Let f(z) = -z. Let w be (-1)/(-1 + 0) + -7. Let h(g) be the third derivative of -g**4/24 - g**3/3 - g**2. Let b be h(w). Calculate f(b).
-4
Let l(c) = -2*c - 9. Let x be (-213)/(-6) + 1/(-2). Let j be (-40)/7 - 10/x. Calculate l(j).
3
Let n = -18 - -12. Let i(x) be the first derivative of -x**2 - 9*x + 1. Let k be i(n). Let r(o) = -o**2 + 2*o - 1. Determine r(k).
-4
Let d(u) = -3 + 0*u**2 - 3*u**3 - 4*u**2 - 4*u + 2*u**3. Give d(-3).
0
Let c(n) = n**3 + 6*n**2 + 4*n + 4. Let l be (21/12)/7*-6*4. What is c(l)?
-20
Let m(w) = 4*w**3 - 2*w**2 - 6*w - 5. Let b(v) = -3*v**3 + 3*v**2 + 6*v + 6. Let x(p) = -3*b(p) - 2*m(p). What is x(6)?
-8
Suppose -4*z = -5*v + 13, 2*v + 4*z + 3 = 5*v. Let u = v + 1. Let a(r) = -u - r - r + r. Give a(-4).
-2
Let y(n) = -3*n**3 + 2*n**2 + 6*n + 1. Let c(z) = 7*z**3 - 3*z**2 - 12*z - 2. Let u(w) = -4*c(w) - 9*y(w). What is u(-5)?
4
Let b(f) be the first derivative of 0*f + 2 - 1/2*f**2. Determine b(1).
-1
Let t(u) = -3*u + 1 + 3 - 6*u**2 + 3*u. Let h(p) = -9*p**2 + 6. Let x(w) = -w**3 - w**2 - 2*w. Let g be x(-2). Let y(l) = g*t(l) - 5*h(l). Determine y(2).
-10
Let d(h) = -h**2 + 2. Suppose -4*m + 29 = -3*j - 60, 2*m - 3*j - 49 = 0. Suppose -5*v - m = 5*z, -9*z = -3*v - 6*z + 12. Calculate d(v).
2
Let n(g) = g. Let a(w) = w**3 - 3*w**2 - w + 1. Let j be a(3). Calculate n(j).
-2
Let z(v) = 10*v + 17. Let w be z(-2). Let c(l) = -l**2 - 3*l + 2. Determine c(w).
2
Let g(w) = -6*w + 1. Let l(y) = -y**3 + y**2 + 6. Let z be l(0). Suppose 3*c = 5*c - 4*a + z, -3*c = -2*a + 1. Give g(c).
-5
Let r(a) = 7 + 8*a + 2*a - 3*a + a**2. Give r(-6).
1
Let u(m) be the third derivative of -m**5/60 + 2*m**3/3 - 2*m**2. Suppose -q + 2 = -h - 3*q, 4*q + 4 = 0. Suppose h = -p + 6*p. Give u(p).
4
Let i(k) = -2*k + 6. Suppose 0 = -4*r + 5 + 19. Give i(r).
-6
Let o(j) be the first derivative of -1/4*j**4 + j + 2*j**2 + 4 + 1/3*j**3. Suppose -v = -d - 5, -4*v = -3*v + 5*d + 7. Determine o(v).
-5
Let q(w) = 2*w + 5. Let i = -12 + 8. Give q(i).
-3
Let y(f) = -f**3 + 4*f**2 - 3*f + 1. Let j = -2 - -5. Suppose d = j*d. Suppose d = -4*v - 3*w + 3 + 13, 4*w = 5*v - 20. Determine y(v).
-11
Let b(y) be the second derivative of 1/6*y**3 + 0 - 11/2*y**2 - 2*y. Give b(5).
-6
Let y(i) = 5*i**3 - 29*i**2 + 17*i + 28. Let m(g) = g**3 - 7*g**2 + 4*g + 7. Let d(x) = 9*m(x) - 2*y(x). Suppose 0 = -0*z - 3*z, 2*b - 3*z = -10. What is d(b)?
-3
Let m = -18 - -21. Let x(d) = d**m + 2 - 12 + 8 + d. Determine x(0).
-2
Let i(q) = -2*q + 1. Let v = 23 - 18. Suppose 5*t + 7*b - 2*b = 40, -v*t + 5*b - 10 = 0. Determine i(t).
-5
Let j(y) be the second derivative of -y**4/6 + y**3/3 - 3*y**2/2 - y. What is j(2)?
-7
Suppose 0*t = -2*t + 4. Let a(d) = 2*d**3 + t*d**2 + 2*d - d**3 - 5*d - 2. What is a(-3)?
-2
Let q(m) = -2*m**2 + m. Suppose 3*w + 4 = b, 2*b + 0*w = 4*w + 8. Suppose 15 = -b*r + z - 4, 3*r = -4*z. Let l = r + 3. Give q(l).
-3
Let t(f) be the second derivative of -2*f**3/3 - f**2/2 + f. Suppose -3*z = -0*z - 18. Let h be ((-2)/3)/(4/z). What is t(h)?
3
Let o(f) be the third derivative of 0 + 0*f**4 + 1/30*f**5 + 1/15*f**6 - 1/6*f**3 + 0*f + 4*f**2. Determine o(-1).
-7
Let m = 31 + -32. Let q(w) = -w**2 + 2*w**3 + w**3 - w**3. Give q(m).
-3
Let b(j) = -3*j**2 - 1. Let s(z) = z**2 + 3*z - 1. Let y be s(-3). What is b(y)?
-4
Let u(i) = i**3 + 4*i**2 + 3*i + 1. Let p = 34 + -49. Let w be -7 + -1 - (4 - 2). Let o be (4/(-2))/(w/p). Give u(o).
1
Let f(t) = t**2 - 6*t + 5. Let z be (-6 + -2)/(4/(-2)). Give f(z).
-3
Let l(m) be the first derivative of 5*m**4/12 - m**3/6 + m**2 + 4. Let b(p) be the second derivative of l(p). Give b(1).
9
Suppose -3*r - r = -16. Let v(c) = -c**3 - 7*c**2 + 2*c. Let g(l) = 1 + 0*l - 5*l + 15*l**2 + 3*l**3 + l. Let q(n) = 2*g(n) + 5*v(n). What is q(r)?
-6
Let y(r) be the first derivative of 4*r**2 - 4 - 5*r - 1/3*r**3. Calculate y(8).
-5
Let s(d) = -d**3 - d. Let g(t) = 0*t**2 - t**3 + 3*t**2 + 0*t**2 + 3. Let f(z) = -g(z) + 2*s(z). Let l(m) = -m**2 - 9*m - 20. Let c be l(-6). Determine f(c).
-3
Let a = 50 - 48. Let i(k) = -2*k**2 - 3*k + 2. Calculate i(a).
-12
Let n(t) = t**3 + 4*t**2 - t. Let h be (12/15)/((-2)/10). Give n(h).
4
Let r = -51 + 54. Let j(u) be the second derivative of 1/2*u**2 - 1/3*u**r + 0 - u - 7/12*u**4. Calculate j(1).
-8
Let f(m) = -79 - 8*m - 10*m**3 + 8*m + 80. Calculate f(-1).
11
Let c(j) be the first derivative of -j**4/4 + 5*j**3/3 + 5*j**2/2 - 4*j + 11. Give c(6).
-10
Let l be (-45)/4 - (-1)/4. Let b(w) = -13*w**2 - 5*w - 15. Let d(z) = -7*z**2 - 3*z - 8. Let x(g) = l*d(g) + 6*b(g). Determine x(2).
0
Let u(h) be the first derivative of h**5/20 + h**4/4 - 5*h**3/6 - 3*h**2 + 4*h + 4. Let k(p) be the first derivative of u(p). Determine k(-4).
-2
Let i(x) be the first derivative of -x**3/3 + 5*x**2/2 - x + 15. Give i(5).
-1
Let y(c) = -c - c**2 + 4 + 5*c**2 - c**3 + 6*c. Calculate y(5).
4
Let s(h) = h**3 - 2*h**2 - 4*h + 3. Suppose 4*c - 27 = -3*u, 6*c + 6 = 3*c + 3*u. Give s(c).
0
Let z(j) be the first derivative of -j**4/4 + 4*j**3/3 + 7*j**2/2 - 5*j - 2. Suppose -3*y - 2 = -8. Let m be y/6*(13 + 2). Calculate z(m).
5
Let h(v) = 2 - 1 - 2*v**3 - 14*v + 12*v + v**2. Give h(1).
-2
Suppose 2 = 2*x - 3*d + 7*d, 4*d = -3*x + 3. Let h(b) = -b**3. Let l(s) = -s**3 - 4*s**2 + s. Let w(k) = x*l(k) - 2*h(k). Determine w(2).
-6
Suppose -3*k 